1 - 100?
-1000001101010101
In base 11, what is 2 - -2a4453?
2a4455
In base 9, what is 0 - 207548?
-207548
In base 16, what is 2856 - -6f?
28c5
In base 10, what is -1 + -53538?
-53539
In base 2, what is -1 + -11111011111000001001?
-11111011111000001010
In base 2, what is -11 + -1000001101011000100?
-1000001101011000111
In base 4, what is 10 + -21220022?
-21220012
In base 13, what is -9b8846 - -2?
-9b8844
In base 5, what is 23 - 2013203?
-2013130
In base 12, what is -b8 + -263?
-35b
In base 16, what is 3ae05 + 1?
3ae06
In base 3, what is -11 + 1201100?
1201012
In base 4, what is 100 + -222132?
-222032
In base 11, what is 188 - -24?
201
In base 15, what is d - 1db0?
-1da2
In base 2, what is 110 + -111000101000110?
-111000101000000
In base 9, what is -38785 + 23?
-38762
In base 7, what is -1560304 + 15?
-1560256
In base 8, what is -113621 + 1?
-113620
In base 11, what is -1281 + 240?
-1041
In base 4, what is -1333213 + -2011?
-2001230
In base 13, what is 20ca5b + -6?
20ca55
In base 16, what is 58 - 56?
2
In base 5, what is 234 + 41442?
42231
In base 6, what is -42151 + -4203?
-50354
In base 8, what is -121 - 260?
-401
In base 6, what is 510 + 25?
535
In base 3, what is -100 + -120212200?
-120220000
In base 8, what is 21 - 13132?
-13111
In base 10, what is -21010 - -3?
-21007
In base 9, what is -13126 - -43?
-13073
In base 11, what is -3 - -308a1?
30899
In base 15, what is -43 + -1ee?
-242
In base 8, what is -634 + 355?
-257
In base 14, what is -1c - -242?
224
In base 14, what is 4b28 + -3a?
4acc
In base 13, what is -20 - 7cc?
-81c
In base 7, what is -42353 - -133?
-42220
In base 14, what is -2 + 5045?
5043
In base 9, what is 12 + 1135?
1147
In base 6, what is 101341 - 3?
101334
In base 8, what is 277 - -264?
563
In base 10, what is -69225 - 4?
-69229
In base 9, what is -40 - 2128?
-2168
In base 2, what is -100110 + 10000011000?
1111110010
In base 9, what is -4 + 16501?
16486
In base 9, what is -27336 - -10?
-27326
In base 11, what is 862781 + -4?
862778
In base 13, what is 742c - -3?
7432
In base 16, what is -381 + 20?
-361
In base 16, what is 3 + 1a01?
1a04
In base 8, what is 13 - 30510?
-30475
In base 8, what is -12 + -3545?
-3557
In base 10, what is 28 + 952?
980
In base 16, what is -b - 9382?
-938d
In base 11, what is 17 - -135?
151
In base 2, what is 0 - 1000011111110?
-1000011111110
In base 8, what is -775 + 1574?
577
In base 13, what is -5 - 5b10?
-5b15
In base 5, what is 0 - -2440312?
2440312
In base 5, what is 343131 - -342?
344023
In base 14, what is -4b - d47?
-d94
In base 3, what is -12 - -12221200?
12221111
In base 12, what is 7 + 1a252?
1a259
In base 10, what is 485 - 3465?
-2980
In base 16, what is 1863 + 0?
1863
In base 4, what is 3201303 - 110?
3201133
In base 8, what is -5 + -1334050?
-1334055
In base 7, what is -13 - -3456?
3443
In base 3, what is 20010 + -12101?
202
In base 4, what is 11011 - 20?
10331
In base 7, what is 1620615 - 10?
1620605
In base 16, what is 4805 - 4?
4801
In base 12, what is 51a + 161?
67b
In base 6, what is -1335405 - -3?
-1335402
In base 16, what is -4 + -f82e9?
-f82ed
In base 12, what is -2 + 36516?
36514
In base 11, what is -51 - -a?
-42
In base 16, what is -d2 + -1c0?
-292
In base 6, what is -135223 + -15?
-135242
In base 16, what is -5 + 1893?
188e
In base 6, what is 11 + 513025?
513040
In base 4, what is 122131322 + 2?
122131330
In base 15, what is -25ee5 + 1?
-25ee4
In base 11, what is -36 - 771?
-7a7
In base 8, what is -11 - 103614?
-103625
In base 2, what is 10100100001001 - 111?
10100100000010
In base 4, what is 20 + -32103023?
-32103003
In base 14, what is c + 134?
142
In base 6, what is 0 - 55351?
-55351
In base 2, what is 1100 + -10101?
-1001
In base 6, what is -424 - 111054?
-111522
In base 12, what is 530b6 - 8?
530aa
In base 8, what is 55 + -654?
-577
In base 8, what is 40705 + -43?
40642
In base 2, what is -11 + 100010001110110?
100010001110011
In base 7, what is 3065 - -1022?
4120
In base 3, what is -12 - -121100200221?
121100200202
In base 11, what is -17 - 316a?
-3186
In base 13, what is -14 + -2baa?
-2bc1
In base 13, what is 98a0 - 2?
989b
In base 6, what is -21 + 4010?
3545
In base 14, what is -299 - -1ad5?
183a
In base 15, what is 10c4d + 1?
10c4e
In base 7, what is 2 + -53461?
-53456
In base 3, what is 0 - 12101111111?
-12101111111
In base 12, what is -2722 + 82?
-2660
In base 15, what is -4 + 9c6?
9c2
In base 12, what is 2b6b - -7?
2b76
In base 10, what is 2 - -1048?
1050
In base 11, what is -126433 + 4?
-12642a
In base 5, what is -41202 - -12?
-41140
In base 10, what is -2 - 69612?
-69614
In base 16, what is -84 - -36?
-4e
In base 6, what is 124 - -30514?
31042
In base 8, what is -1 + 2167?
2166
In base 10, what is 49138 - 16?
49122
In base 3, what is 2 - -1112020?
1112022
In base 14, what is 4385 - -71?
4416
In base 16, what is -2 + 12a91?
12a8f
In base 4, what is 10112313032 - 3?
10112313023
In base 10, what is -92695 + 3?
-92692
In base 5, what is -330241132 - 3?
-330241140
In base 13, what is 4284c2 + 2?
4284c4
In base 2, what is -1101100100011011101100 + 10?
-1101100100011011101010
In base 2, what is -110111100 - -100001?
-110011011
In base 16, what is -b7e - 7?
-b85
In base 15, what is -2b0c + 1?
-2b0b
In base 3, what is 12202121 - 120?
12202001
In base 2, what is 0 - -101100111110?
101100111110
In base 5, what is -3204010 - 1?
-3204011
In base 10, what is -39 - 1506?
-1545
In base 14, what is -1 - -b9b42?
b9b41
In base 11, what is 3 - 9052a?
-90527
In base 8, what is 0 - -1167540?
1167540
In base 14, what is -3 + 557?
554
In base 12, what is 3 + 1233?
1236
In base 5, what is -22224 - 20?
-22244
In base 6, what is 24 - -4003413?
4003441
In base 6, what is -1041 - -2435?
1354
In base 12, what is 1b + 4838?
4857
In base 16, what is -2 - 69f?
-6a1
In base 6, what is 100 - -2412455?
2412555
In base 4, what is 130023332 - -10?
130030002
In base 5, what is 4 + 244112?
244121
In base 10, what is 19044 - -5?
19049
In base 13, what is 22a + -23ab?
-2181
In base 14, what is -18 + -10658?
-10672
In base 10, what is -699 + -68?
-767
In base 14, what is -21 - 2251d?
-22540
In base 9, what is 3 + 22141?
22144
In base 2, what is -10011010000 - 110001100?
-11001011100
In base 13, what is -1713 + 3?
-1710
In base 16, what is e + -155?
-147
In base 9, what is 4 + 1565614?
1565618
In base 10, what is -4 + -238629?
-238633
In base 15, what is -e4 - -13?
-d1
In base 9, what is 8472 - -51?
8533
In base 9, what is 6 - 3853?
-3846
In base 5, what is -10 - 30333233?
-30333243
In base 11, what is -11a624 + -3?
-11a627
In base 12, what is -125 + 4b?
-96
In base 5, what is -1 - 324034?
-324040
In base 11, what is 23687 - 5?
23682
In base 14, what is -163a7b - 0?
-163a7b
In base 12, what is -73 + -211?
-284
In base 5, what is -111320204 - -10?
-111320144
In base 10, what is -2 - -57455?
57453
In base 14, what is 3 + b5d6?
b5d9
In base 14, what is -d + 85cc1?
85cb2
In base 8, what is -2 + 1106217?
1106215
In base 14, what is d + c80?
c8d
In base 15, what is -15ad4 - 1?
-15ad5
In base 12, what is -3 - -8644?
8641
In base 11, what is -130174 - -8?
-130167
In base 5, what is -10 + -1431034?
-1431044
In base 4, what is -33111 + 230?
-32221
In base 6, what is 2215550 - 1?
2215545
In base 2, what is -100111110101 + -11101000?
-101011011101
In base 13, what is b729 - 3?
b726
In base 7, what is -244 + -164?
-441
In base 7, what is -20504 + -4?
-20511
In base 14, what is -1da4 - -33b?
-1a67
In base 11, what is 6a1041 + 3?
6a1044
In base 6, what is 5 + -1423303?
-1423254
In base 14, what is -746a - cb?
-7557
In base 5, what is -2 + 4211321?
4211314
In base 7, what is -3102 - -6?
-3063
In base 16, what is 3392e + -1?
3392d
In base 16, what is 2873 + 1b?
288e
In base 16, what is -819e - 0?
-819e
In base 15, what is 10 + 4022?
4032
In base 15, what is 0 - 4d67e?
-4d67e
In base 7, what is 10 + -36060?
-36050
In base 8, what is -546756 - -1?
-546755
In base 7, what is 201 + 235414?
235615
In base 8, what is -17171 - -156?
-17013
In base 9, what is 34684 + -5?
34678
In base 13, what is -4 + -228b9?
-228c0
In base 16, what is 1 + 9e030?
9e031
In base 7, what is 4 - 231341?
-231334
In base 13, what is -7333b + 5?
-73336
In base 13, what is -79 - 8c9?
-975
In base 11, what is -2273a + -7?
-22746
In base 3, what is -1